hen x(-3) is divided by 62.
53
Let i be 1 + (-8)/7 - 180/(-35). Suppose 240 = 5*k + 5*f, i*f - 3 = 2*k - 113. Suppose 2*d + 0*d = k. What is the remainder when 99 is divided by d?
24
Suppose -3261 - 4289 = -83*i + 833. Calculate the remainder when 9087 is divided by i.
98
Let z be (156/7)/(24/84). Let i = z + -21. What is the remainder when i is divided by 19?
0
Let z be (-195)/429*(0 - 11). Let b(u) = 8*u**2 - 23*u - 8. Calculate the remainder when b(z) is divided by 30.
17
What is the remainder when 45/(14751/(-671) - -22) is divided by 38?
9
Let x(f) = 24*f**2 - 255*f - 5. What is the remainder when x(12) is divided by 16?
7
Let u(d) = 3*d**3 + 2*d**2 - 4*d - 6. Let x be u(-4). Let i(a) = -18*a - 8. Let k be i(4). Let l = k - x. Calculate the remainder when l is divided by 18.
16
Suppose 216*t - 1166 - 9418 = 0. Calculate the remainder when 1222 is divided by t.
46
Let n = 64 - 61. Suppose n - 1 = 2*m. Calculate the remainder when (711/27)/(m/3) + 4 is divided by 17.
15
Suppose 3*s = -4*b + 441, 2*b + 761 = -374*s + 379*s. What is the remainder when 2713 is divided by s?
146
Let b(v) = -v**2 + 187*v - 366. Calculate the remainder when 40 is divided by b(2).
0
Suppose -4*f + 165 = -63. Let r(u) = -u**2 + 6*u + 3. Let w be r(8). Let q = w + f. What is the remainder when q is divided by 23?
21
Suppose -6*l + 402 = 138. What is the remainder when (-4 - l/(-8))/(9/156) is divided by 10?
6
Let j(h) = -30*h + 91. Suppose 0 = -3*t + 4*t + 2*s - 772, s = -2*t + 1532. Suppose 5*r - 161 = t. What is the remainder when r is divided by j(2)?
30
Suppose -9*v + 1867 + 2507 = 0. What is the remainder when v is divided by 30?
6
Let c(i) = 2*i**3 + 15*i**2 + 6*i - 4. Let a be c(-7). Let j(u) = u + 1. Let t be j(a). Calculate the remainder when 42 is divided by 6 + ((-9)/4 - -3)*t.
6
Let m = 66 + -8. Let q(u) = u**2 + 685*u - 39891. What is the remainder when m is divided by q(54)?
13
Let a(x) = 13*x**2 + 38*x - 187. What is the remainder when 815 is divided by a(-6)?
20
Let b(x) = -10*x**3 + 198*x**2 + 79*x + 25. What is the remainder when b(20) is divided by 279?
247
Suppose -3*c - 2*z = -89, -6*c + 2*c = -3*z - 130. Let a = 11409 - 11400. Calculate the remainder when c is divided by a.
4
Let x(r) = 3*r**2 + 3*r - 436. What is the remainder when x(-17) is divided by 76?
0
Suppose -119 = 8*b - 711. Suppose -4*r + 5*j = 4*j - 152, 2*r = j + b. What is the remainder when 73 is divided by r?
34
Suppose 3*i = -2*t + 151, -i + 4*t = -2*i + 37. Let h = i - 19. Suppose -11849 + 11498 = -39*b. What is the remainder when h is divided by b?
7
Let g = 5 - -22. Let r = -44 - -46. Suppose -4*x + 12 = r*q, 5*q + 0*x - x = 30. Calculate the remainder when g is divided by q.
3
Let o be ((-52)/(-20) - 3)/(5/(-400)). What is the remainder when 95 is divided by (-1156)/(-14) + o/(-56)?
13
Let u be 418/33 + 2/6. Suppose j - 43 = -u. What is the remainder when j is divided by ((-24)/14)/(3/(-14))?
6
Let k be (-3*-4*2/(-8))/(-1). Suppose -11 + 302 = k*o. What is the remainder when o is divided by 26?
19
Let q be (-7)/3 + 26/78. Let k be (174/3 - q) + (-1 - -1). Suppose l - 6*l = -k. What is the remainder when 105 is divided by l?
9
Suppose -3*l = -269 - 13. Let q = 101 - l. Suppose -2*u = 20 - 100. Calculate the remainder when u is divided by q.
5
Let z(g) = -12*g - 43. Let k = -1588 - -1601. What is the remainder when k is divided by z(-4)?
3
Let u(o) be the first derivative of -2*o**2 - 24*o + 3. Suppose -10 = 4*d + 22. What is the remainder when 62 is divided by u(d)?
6
Let w(z) = -3*z**3 + z + 1. Let b be w(-2). Let f = 33 - b. Suppose -5*l = 3*u - 39, 4*l - l - 52 = -4*u. What is the remainder when u is divided by f?
3
Suppose -12*l + 156 + 48 = 0. Let q = 23 - l. Suppose q*i - 52 - 410 = 0. What is the remainder when i is divided by 41?
36
Suppose -5*m + 89 = -4*u + 6*u, -42 = -u - 5*m. What is the remainder when 2061 is divided by u?
40
Let a(m) = -14*m - 3*m**2 + 15 - 13 + 4*m**2. Let n be a(14). Suppose -5*b = n*q - 73, -3*q + 4*b + 55 = 3. Calculate the remainder when 69 is divided by q.
21
Suppose 0 = -4906*u + 4895*u + 1177. Calculate the remainder when u is divided by 36.
35
Let q = 21 + -15. Suppose 2*w = u + q + 4, -5*u = -5*w + 15. Suppose 2734*y + 159 = 2704*y + 429. What is the remainder when y is divided by w?
2
Suppose -4*i + 5*f + 2 = 0, -f + 4 = 4*i - 5*f. What is the remainder when -6 - (400/64*-6 + 14/4) is divided by i?
1
Let s be (-9 - -8)*(0 + -450). Suppose -j = 9*j - s. Let m(h) = h**2 - 11*h - 2. Calculate the remainder when j is divided by m(13).
21
Let q = 64 - -7. Suppose -3*t - q + 431 = 0. What is the remainder when t is divided by 34?
18
Suppose 49*s = 48*s + 412. Calculate the remainder when s is divided by 19.
13
Suppose -2*j + 4*v = -119 + 63, 0 = -5*j - 2*v + 92. Calculate the remainder when 335 is divided by j.
15
Suppose -2*w = w - 39. Let v be 1272/18 + (-24)/(-18). Suppose 4*u - 5*h - 181 = 0, -2*h - 118 = -4*u + v. Calculate the remainder when u is divided by w.
10
Let p = -284 - -422. What is the remainder when 275 is divided by p?
137
Suppose 7*l + 42 = 0, -2*l - 3*l = 3*g - 3975. What is the remainder when g is divided by 407?
114
Let l be 8 + (6/5)/(4/(-10)). Suppose 0 = -3*j + 4 + l, 4*f - 36 = -4*j. Suppose f*p - 167 = -35. Calculate the remainder when 85 is divided by p.
19
Let y(q) be the first derivative of -2*q**3/3 + 14*q**2 - 7*q + 11. What is the remainder when y(13) is divided by 9?
1
Let u = 877 + -795. Calculate the remainder when 308 is divided by u.
62
What is the remainder when (389 + -464)/((-2*3/55)/2) is divided by 156?
127
Suppose -19*w - 61*w + 12753 = 29*w. What is the remainder when 2573 is divided by w?
116
Suppose 3*x - 2*x = -3*q - 72, -2*q = 5*x + 386. Suppose 1479 - 261 = 14*a. Let t = x + a. Calculate the remainder when 62 is divided by t.
8
Suppose 8*c = 10*c - 106. Let l = 57 - c. Suppose -n + l*x + 33 - 4 = 0, 5*n - 35 = -2*x. What is the remainder when 59 is divided by n?
5
Let w = 75 + -64. Calculate the remainder when 2/3 - 140/(-6) is divided by (-11)/w*4/(-2 + 1).
0
Let u be (-175)/5*72/(-42). Calculate the remainder when ((-138)/(-15))/(1/u) is divided by 37.
34
What is the remainder when 362 is divided by (8492/110)/((-8)/(-20))?
169
Let j(d) = -d**2 - 11*d - 11. Suppose -9*g = -10*g - 2*o - 16, o = g + 4. What is the remainder when 206 is divided by j(g)?
11
Calculate the remainder when -35*(1 - 36/20) is divided by 52/13 - ((-3)/1 + 2).
3
Let a be 9/(-4)*(-224)/12. Let b = a + -25. Let u = 4453 + -4405. What is the remainder when u is divided by b?
14
What is the remainder when 1616 is divided by -45*(-16)/24*321/18?
11
Suppose -2*f - 4*o = -1302, 4*f = -7*o + 4*o + 2594. Let n = f + -624. Calculate the remainder when n is divided by 6.
5
Suppose -3400 = -2*s + 2*u, -4*s - 4*u = -6017 - 831. What is the remainder when s is divided by 114?
110
Suppose 2*y + 0*i - 8 = i, 4*y - 10 = 5*i. Suppose 5*j = 4*n + 184, 0 = -5*n + 3*n - 2. What is the remainder when j is divided by y?
1
Let q = 469 - -270. Suppose -6968 - q = -21*x. What is the remainder when x is divided by 23?
22
Suppose 21*f + 18316 = 59*f. Calculate the remainder when 2903 is divided by f.
11
Let w(v) = 54*v**2 - 24*v + 8. Let d(h) = -19*h**2 + 8*h - 3. Let r(y) = 17*d(y) + 6*w(y). What is the remainder when r(-3) is divided by 6?
0
Suppose -141*x + 1955937 = -3102753 + 5532. Calculate the remainder when x is divided by 35.
33
Suppose -5*v = -4*f - 41, 5*v - 82 = 2*f - 49. Suppose 27*s - 30*s + v*a = -64, -4*s + a = -57. Calculate the remainder when 33 is divided by s.
7
Let p = 15 - 14. Let f(w) = 48*w**3 - 2*w + 1. Calculate the remainder when f(p) is divided by (-8)/14 - 358*4/(-56).
22
Suppose 2*c + 2*y - 130 = 0, 289 = 5*c - 4*y + 9. What is the remainder when 1356 is divided by c?
36
Suppose -5*k = -4*w - 137 - 69, -4*k + 164 = -3*w. Suppose -2*r + p + 523 = 512, 0 = 4*r + 3*p - 17. Calculate the remainder when k is divided by r.
3
Calculate the remainder when 537 is divided by (-2734)/(-30) - (49/30 - (-237)/(-158)).
82
Let a(t) = -t**2 - 45*t + 1092. What is the remainder when a(-61) is divided by 5?
1
Let z(r) = 12*r - 68. Let a be z(6). Suppose -2*f - a*d - 14 = -162, 3 = d. Calculate the remainder when f is divided b